{"id":42,"date":"2025-09-15T09:12:30","date_gmt":"2025-09-15T09:12:30","guid":{"rendered":"https:\/\/wp-test-25-01.filtzinger.koeln\/?page_id=42"},"modified":"2025-12-10T16:34:24","modified_gmt":"2025-12-10T16:34:24","slug":"kontakt","status":"publish","type":"page","link":"https:\/\/wp-test-25-01.filtzinger.koeln\/?page_id=42","title":{"rendered":"Kontakt"},"content":{"rendered":"\n<h3 class=\"wp-block-heading has-text-align-center\">Vorstand<\/h3>\n\n\n\n<p class=\"has-text-align-center\"><strong>P\u00e4dagogischer&nbsp;Vorstand<\/strong><br>Burkhard B\u00fcttgen,&nbsp;<a href=\"mailto:b.buettgen@zfsa.de\">b.buettgen@zfsa.de<\/a><\/p>\n\n\n\n<p class=\"has-text-align-center\"><strong>Kaufm\u00e4nnischer Vorstand<br><\/strong>Lars Adam,&nbsp;<a href=\"mailto:l.adam@zfsa.de\">l.adam@zfsa.de<\/a><\/p>\n\n\n\n<h3 class=\"wp-block-heading has-text-align-center\">Leitungsteam<\/h3>\n\n\n\n<p class=\"has-text-align-center\"><strong>Stellvertretende p\u00e4d. Einrichtungsleitung<br><\/strong>G\u00fcnter Kriescher,&nbsp;<a href=\"mailto:g.kriescher@zfsa.de\">g.kriescher@zfsa.de<\/a><\/p>\n\n\n\n<h3 class=\"wp-block-heading has-text-align-center\">Fachbereichskoordinatoren<\/h3>\n\n\n\n<p class=\"has-text-align-center\"><strong>Kompetenzzentrum allgemeine Jugendhilfe<br><\/strong>Leonie Wings,&nbsp;<a href=\"mailto:l.wings@zfsa.de\">l.wings@zfsa.de<\/a><a href=\"mailto:l.wings@zfsa.de\">,<\/a>&nbsp;0241 60907-0<\/p>\n\n\n\n<p class=\"has-text-align-center\"><strong>Kompetenzzentrum Mutter\/ Vater \u2013&nbsp;Kind<br><\/strong>Silke Henn&nbsp;<a href=\"mailto:s.henn@zfsa.de\">s.henn@zfsa.de<\/a>, 0241 60907-310 und 0151-50625666<\/p>\n\n\n\n<p class=\"has-text-align-center\"><strong>Kompetenzzentrum traumazentrierte P\u00e4dagogik<br><\/strong>Guido Lusetic,&nbsp;<a href=\"mailto:g.lusetic@zfsa.de\">g.lusetic@zfsa.de<\/a>, 0241 60907-311 und 0151 43152614<\/p>\n\n\n\n<p class=\"has-text-align-center\"><strong>Kompetenzzentrum Queere Lebenswelten<br><\/strong>G\u00fcnter Kriescher,&nbsp;<a href=\"mailto:g.kriescher@zfsa.de\">g.kriescher@zfsa.de<\/a>, 0241 60907-303 und 0151 42106110<\/p>\n\n\n\n<p class=\"has-text-align-center\"><strong>Kompetenzzentrum Migration und Flucht<br><\/strong>Lukas Okon,&nbsp;<a href=\"mailto:l.okon@zfsa.de\">l.okon@zfsa.de<\/a>, 0241 60907-313 und 0157-80597706<\/p>\n\n\n\n<h3 class=\"wp-block-heading has-text-align-center\">Teamleitungen<\/h3>\n\n\n\n<p class=\"has-text-align-center\"><strong>Ambulante Angebote (ASA)<\/strong><br>Doris Werle,&nbsp;<a href=\"mailto:d.werle@zfsa.de\">d.werle@zfsa.de<\/a>, 0241 60907-402 und 0171 1100721<\/p>\n\n\n\n<p class=\"has-text-align-center\"><strong>Familienzentrum&nbsp;(Montessori-Kindertagesst\u00e4tte&nbsp;und Tagespflege)<\/strong><br>Maria Osterkamp-Hermsen,&nbsp;<a href=\"mailto:m.osterkamp-hermsen@zfsa.de\">m.osterkamp-hermsen@zfsa.de<\/a>,&nbsp;0241 60907-901<\/p>\n\n\n\n<h3 class=\"wp-block-heading has-text-align-center\">Gruppenleitungen<\/h3>\n\n\n\n<h5 class=\"wp-block-heading has-text-align-center\">Kompetenzzentrum allgemeine Jugendhilfe (KAJ)<\/h5>\n\n\n\n<p class=\"has-text-align-center\"><strong>M\u00e4dchenwohngruppe (MWG)<br><\/strong>kom. Svenja Marx,&nbsp;<a href=\"mailto:s.marx@zfsa.de\">s.marx@zfsa.de<\/a>, 0241 60907-106<\/p>\n\n\n\n<p class=\"has-text-align-center\"><strong>Jungenwohngruppe (JWG)<br><\/strong>Mohamed Ouni,&nbsp;<a href=\"mailto:m.roeder@zfsa.de\">m.ouni@zfsa.de<\/a>, 0241 60907-102<\/p>\n\n\n\n<p class=\"has-text-align-center\"><strong>Au\u00dfenwohngruppe Forst (AWG Forst)<\/strong><br>Nadine Jungheim,&nbsp;<a href=\"mailto:n.jungheim@zfsa.de\">n.jungheim@zfsa.de<\/a>, 0241 60907-101<\/p>\n\n\n\n<p class=\"has-text-align-center\"><strong>Au\u00dfenwohngruppe B\u00fcsbach (AWG B\u00fcsbach)<br><\/strong>Silke Thomae&nbsp;<a href=\"mailto:s.thomae@zfsa.de\">s.thomae@zfsa.de<\/a>, 0241 60907-105<\/p>\n\n\n\n<p class=\"has-text-align-center\"><strong>Wohnprojekt&nbsp;f\u00fcr m\u00e4nnliche Jugendliche (WPA)<br><\/strong>Marion Johach,&nbsp;<a href=\"mailto:m.johach@zfsa.de\">m.johach@zfsa.de<\/a>, 0151 27040847<\/p>\n\n\n\n<h5 class=\"wp-block-heading has-text-align-center\">Kompetenzzentrum Mutter\/Vater-Kind (KMVK)<\/h5>\n\n\n\n<p class=\"has-text-align-center\"><strong>KMVK Burtscheid<br><\/strong>Miriam Cla\u00dfen,&nbsp;<a href=\"mailto:m.cla%C3%9Fen@zfsa.de\">m.cla\u00dfen@zfsa.de<\/a>, 0241 60907-100<\/p>\n\n\n\n<p class=\"has-text-align-center\"><strong>KMVK B\u00fcsbach<br><\/strong>Nadine Peters,&nbsp;<a href=\"mailto:n.peters@zfsa.de\">n.peters@zfsa.de<\/a>, 0241 60907-103<\/p>\n\n\n\n<p class=\"has-text-align-center\"><strong>KMVK Broichweiden<br><\/strong>kom. Anne Boldt,&nbsp;<a href=\"mailto:a.boldt@zfsa.de\">a.boldt@zfsa.de<\/a>, 0241 60907-113<\/p>\n\n\n\n<p class=\"has-text-align-center\"><strong>KMVK Apartments<br><\/strong>Gaby Jungen-Imdieke,&nbsp;<a href=\"mailto:g.jungen-imdieke@zfsa.de\">g.jungen-imdieke@zfsa.de<\/a>, 0241 60907-108<\/p>\n\n\n\n<h5 class=\"wp-block-heading has-text-align-center\">Kompetenzzentrum traumazentrierte P\u00e4dagogik (KTP)<\/h5>\n\n\n\n<p class=\"has-text-align-center\"><strong>Intensivp\u00e4dagogische Gruppe 1 (IPG 1)<br><\/strong>Maria Matysiak,&nbsp;<a href=\"mailto:m.matysiak@zfsa.de\">m.matysiak@zfsa.de<\/a>, 0241 60907-107<\/p>\n\n\n\n<p class=\"has-text-align-center\"><strong>Intensivp\u00e4dagogische Gruppe 2 (IPG 2)<br><\/strong>Natascha Rother,&nbsp;<a href=\"mailto:n.rother@zfsa.de\">n.rother@zfsa.de<\/a>, 0241 60907-104<\/p>\n\n\n\n<p class=\"has-text-align-center\"><strong>Kriseninterventionsgruppe&nbsp;(KIG)<br><\/strong>Katharina Jansen,&nbsp;<a href=\"mailto:k.jansen@zfsa.de\">k.jansen@zfsa.de<\/a>, 0241 60907-0<\/p>\n\n\n\n<p class=\"has-text-align-center\"><strong>Psychoedukative Au\u00dfenwohngruppe Zweifall (PAZ)<br><\/strong>Chaimaa Mousa,&nbsp;<a href=\"mailto:c.mousa@zfsa.de\">c.mousa@zfsa.de<\/a>, 0241 60907-808<\/p>\n\n\n\n<h5 class=\"wp-block-heading has-text-align-center\">Kompetenzzentrum Queere Lebenswelten (KQL)<\/h5>\n\n\n\n<p class=\"has-text-align-center\"><strong>LGBT* Wohngruppe MORE*1<\/strong><br>Janina Kempen,&nbsp;<a href=\"mailto:j.kempen@zfsa.de\">j.kempen@zfsa.de<\/a>, 0241 60907-116<\/p>\n\n\n\n<p class=\"has-text-align-center\"><strong>LGBT* Wohngruppe MORE* 2<\/strong><br>Tim Tetzlaff,&nbsp;<a href=\"mailto:t.tetzlaff@zfsa.de\">t.tetzlaff@zfsa.de<\/a>, 0241 60907-117<\/p>\n\n\n\n<p class=\"has-text-align-center\"><strong>LGBT* Wohngruppe MORE* 3 Verselbst\u00e4ndigung<\/strong><br>Saskia Honnef,&nbsp;<a href=\"mailto:s.honnef@zfsa.de\">s.honnef@zfsa.de<\/a>, 0241 60907-118<\/p>\n\n\n\n<h5 class=\"wp-block-heading has-text-align-center\">Kompetenzzentrum Migration und Flucht (KMF)<\/h5>\n\n\n\n<p class=\"has-text-align-center\"><strong>UMA-Verselbst\u00e4ndigungsgruppe<br><\/strong>Nuretin Ilhan,<a href=\"mailto:n.ilhan@zfsa.de\">&nbsp;n.ilhan@zfsa.de<\/a>,&nbsp;0241 60907-802<\/p>\n\n\n\n<p class=\"has-text-align-center\"><strong>Inobhutnahmegruppe<\/strong><br>Nils Herren,&nbsp;<a href=\"mailto:n.herren@zfsa.de\">n.herren@zfsa.de<\/a>, 0241 60907-809<\/p>\n\n\n\n<p class=\"has-text-align-center\"><strong>Junge Fl\u00fcchtlinge Salierallee (JFS)<\/strong><br>Johannes Feick,&nbsp;<a href=\"mailto:j.feick@zfsa.de\">j.feick<\/a><a href=\"mailto:j.feick@zfsa.de\">@zfsa.de<\/a>, 0241 60907-803<\/p>\n\n\n\n<p class=\"has-text-align-center\"><strong>Junge Fl\u00fcchtlinge Zweifall Regelgruppe (JFZ 2)<br><\/strong>Patricia Schulte,&nbsp;<a href=\"mailto:p.schulte@zfsa.de\">p.schulte@zfsa.de<\/a>,&nbsp;0241 60907-807<\/p>\n\n\n\n<hr class=\"wp-block-separator has-alpha-channel-opacity\"\/>\n\n\n\n<h3 class=\"wp-block-heading has-text-align-center\">Verwaltung \/ Zentrale Dienste<\/h3>\n\n\n\n<p class=\"has-text-align-center\">Tel.: 0241\/60907-0<br>Fax: 0241\/60907-500<\/p>\n\n\n\n<hr class=\"wp-block-separator has-alpha-channel-opacity is-style-wide\"\/>\n\n\n\n<div class=\"wp-block-media-text is-stacked-on-mobile is-style-default\" style=\"grid-template-columns:35% auto\"><figure class=\"wp-block-media-text__media\"><img decoding=\"async\" src=\"https:\/\/www.zfsa.de\/wp-content\/uploads\/2024\/10\/Hanuschik-250x313.jpg\" alt=\"\" class=\"wp-image-8232 size-full\"\/><\/figure><div class=\"wp-block-media-text__content\">\n<p><strong>Sekretariat<\/strong><br>Andrea Hanuschik &amp; Bianca Jaeschke<\/p>\n\n\n\n<p><a href=\"mailto:kontakt@zfsa.de\">kontakt@zfsa.de<\/a><\/p>\n<\/div><\/div>\n\n\n\n<p class=\"has-text-align-center\"><\/p>\n\n\n\n<hr class=\"wp-block-separator has-alpha-channel-opacity is-style-wide\"\/>\n\n\n\n<div class=\"wp-block-media-text is-stacked-on-mobile is-style-default\" style=\"grid-template-columns:35% auto\"><figure class=\"wp-block-media-text__media\"><img decoding=\"async\" src=\"https:\/\/www.zfsa.de\/wp-content\/uploads\/2025\/03\/M_Rudatis-250x313.jpg\" alt=\"\" class=\"wp-image-8482 size-full\"\/><\/figure><div class=\"wp-block-media-text__content\">\n<p><strong>Rechnungswesen<br><\/strong>Michael Rudatis<\/p>\n\n\n\n<p><a style=\"white-space: normal;\" href=\"mailto:buchhaltung@zfsa.de\">buchhaltung@zfsa.de<\/a><\/p>\n<\/div><\/div>\n\n\n\n<hr class=\"wp-block-separator has-alpha-channel-opacity is-style-wide\"\/>\n\n\n\n<div class=\"wp-block-group is-nowrap is-layout-flex wp-container-core-group-is-layout-6c531013 wp-block-group-is-layout-flex\">\n<p><strong>allg. Verwaltung<\/strong><br>Jacqueline Hebbe,&nbsp;<a href=\"mailto:verwaltung@zfsa.de\">verwaltung@zfsa.de<\/a><\/p>\n<\/div>\n\n\n\n<hr class=\"wp-block-separator aligncenter has-alpha-channel-opacity is-style-wide\"\/>\n\n\n\n<div class=\"wp-block-media-text is-stacked-on-mobile is-style-default\" style=\"grid-template-columns:35% auto\"><figure class=\"wp-block-media-text__media\"><img decoding=\"async\" src=\"https:\/\/www.zfsa.de\/wp-content\/uploads\/2025\/03\/Oe.Doenmez-250x313.jpg\" alt=\"\" class=\"wp-image-8483 size-full\"\/><\/figure><div class=\"wp-block-media-text__content\">\n<p><strong>Personalverwaltung<br><\/strong>\u00d6zlem D\u00f6nmez<\/p>\n\n\n\n<p><a href=\"mailto:oe.doenmez@zfsa.de\">oe.doenmez@zfsa.d<\/a>e<\/p>\n<\/div><\/div>\n\n\n\n<hr class=\"wp-block-separator has-alpha-channel-opacity is-style-wide\"\/>\n\n\n\n<p><strong>Personalverwaltung<br><\/strong><br>Mihaela Tesic,&nbsp;<a href=\"mailto:personal@zfsa.de\">personal@zfsa.de<\/a><\/p>\n\n\n\n<hr class=\"wp-block-separator has-alpha-channel-opacity is-style-wide\"\/>\n\n\n\n<p><strong>Betre<\/strong><strong>uung ehrenamtlicher Mitarbeiter*innen<\/strong><br>Ute von Lossow,&nbsp;<a href=\"mailto:ehrenamt@zfsa.de\">ehrenamt@zfsa.de<\/a><\/p>\n\n\n\n<hr class=\"wp-block-separator has-alpha-channel-opacity is-style-wide\"\/>\n\n\n\n<p><strong>Assistenz Leitung<br><\/strong>kom. Andrea Hanuschik,&nbsp;<a href=\"mailto:leitung@zfsa.de\">leitung@zfsa.de<\/a><\/p>\n\n\n\n<hr class=\"wp-block-separator has-alpha-channel-opacity is-style-wide\"\/>\n\n\n\n<div class=\"wp-block-media-text is-stacked-on-mobile is-style-default\" style=\"grid-template-columns:35% auto\"><figure class=\"wp-block-media-text__media\"><img decoding=\"async\" src=\"https:\/\/www.zfsa.de\/wp-content\/uploads\/2024\/10\/Koenig-250x313.jpg\" alt=\"\" class=\"wp-image-8239 size-full\"\/><\/figure><div class=\"wp-block-media-text__content\">\n<p><strong>Qualit\u00e4tsmanagement und Datenschutz<\/strong><br>Manfred K\u00f6nig&nbsp;<\/p>\n\n\n\n<p><a href=\"mailto:qm@zfsa.de\">qm@zfsa.de<\/a><\/p>\n<\/div><\/div>\n\n\n\n<p><\/p>\n\n\n\n<hr class=\"wp-block-separator aligncenter has-alpha-channel-opacity is-style-wide\"\/>\n\n\n\n<div class=\"wp-block-media-text is-stacked-on-mobile is-style-default\" style=\"grid-template-columns:35% auto\"><figure class=\"wp-block-media-text__media\"><img decoding=\"async\" src=\"https:\/\/www.zfsa.de\/wp-content\/uploads\/2024\/10\/Finck-250x313.jpg\" alt=\"\" class=\"wp-image-8255 size-full\"\/><\/figure><div class=\"wp-block-media-text__content\">\n<p><strong>Hauswirtschaftsleitung<\/strong><br>Heidi Finck<\/p>\n\n\n\n<p><a href=\"mailto:hauswirtschaft@zfsa.de\">hauswirtschaft@zfsa.de<\/a>&nbsp;0241\/60907-700<\/p>\n<\/div><\/div>\n\n\n\n<p style=\"margin-top:0;margin-right:0;margin-bottom:0;margin-left:0\"><\/p>\n\n\n\n<hr class=\"wp-block-separator aligncenter has-alpha-channel-opacity is-style-wide\"\/>\n\n\n\n<div class=\"wp-block-media-text is-stacked-on-mobile is-style-rounded\" style=\"grid-template-columns:35% auto\"><figure class=\"wp-block-media-text__media\"><img decoding=\"async\" src=\"https:\/\/www.zfsa.de\/wp-content\/uploads\/2024\/10\/Nacken-250x313.jpg\" alt=\"\" class=\"wp-image-8242 size-full\"\/><\/figure><div class=\"wp-block-media-text__content\">\n<p><strong>Leitung Haustechnik<\/strong><br>Joachim Nacken<\/p>\n\n\n\n<p><a href=\"mailto:haustechnik@zfsa.de\">haustechnik@zfsa.de<\/a>&nbsp;0241\/60907-604<\/p>\n\n\n\n<p><\/p>\n<\/div><\/div>\n","protected":false},"excerpt":{"rendered":"<p>Vorstand P\u00e4dagogischer&nbsp;VorstandBurkhard B\u00fcttgen,&nbsp;b.buettgen@zfsa.de Kaufm\u00e4nnischer VorstandLars Adam,&nbsp;l.adam@zfsa.de Leitungsteam Stellvertretende p\u00e4d. EinrichtungsleitungG\u00fcnter Kriescher,&nbsp;g.kriescher@zfsa.de Fachbereichskoordinatoren Kompetenzzentrum allgemeine JugendhilfeLeonie Wings,&nbsp;l.wings@zfsa.de,&nbsp;0241 60907-0 Kompetenzzentrum Mutter\/ Vater \u2013&nbsp;KindSilke Henn&nbsp;s.henn@zfsa.de, 0241 60907-310 und 0151-50625666 Kompetenzzentrum traumazentrierte P\u00e4dagogikGuido Lusetic,&nbsp;g.lusetic@zfsa.de, 0241 60907-311 und 0151 43152614 Kompetenzzentrum Queere LebensweltenG\u00fcnter Kriescher,&nbsp;g.kriescher@zfsa.de, 0241 60907-303 und 0151 42106110 Kompetenzzentrum Migration und FluchtLukas Okon,&nbsp;l.okon@zfsa.de, 0241 60907-313 und 0157-80597706 Teamleitungen Ambulante [&hellip;]<\/p>\n","protected":false},"author":1,"featured_media":0,"parent":0,"menu_order":0,"comment_status":"closed","ping_status":"closed","template":"","meta":{"footnotes":""},"class_list":["post-42","page","type-page","status-publish","hentry"],"_links":{"self":[{"href":"https:\/\/wp-test-25-01.filtzinger.koeln\/index.php?rest_route=\/wp\/v2\/pages\/42","targetHints":{"allow":["GET"]}}],"collection":[{"href":"https:\/\/wp-test-25-01.filtzinger.koeln\/index.php?rest_route=\/wp\/v2\/pages"}],"about":[{"href":"https:\/\/wp-test-25-01.filtzinger.koeln\/index.php?rest_route=\/wp\/v2\/types\/page"}],"author":[{"embeddable":true,"href":"https:\/\/wp-test-25-01.filtzinger.koeln\/index.php?rest_route=\/wp\/v2\/users\/1"}],"replies":[{"embeddable":true,"href":"https:\/\/wp-test-25-01.filtzinger.koeln\/index.php?rest_route=%2Fwp%2Fv2%2Fcomments&post=42"}],"version-history":[{"count":9,"href":"https:\/\/wp-test-25-01.filtzinger.koeln\/index.php?rest_route=\/wp\/v2\/pages\/42\/revisions"}],"predecessor-version":[{"id":127,"href":"https:\/\/wp-test-25-01.filtzinger.koeln\/index.php?rest_route=\/wp\/v2\/pages\/42\/revisions\/127"}],"wp:attachment":[{"href":"https:\/\/wp-test-25-01.filtzinger.koeln\/index.php?rest_route=%2Fwp%2Fv2%2Fmedia&parent=42"}],"curies":[{"name":"wp","href":"https:\/\/api.w.org\/{rel}","templated":true}]}}